{"id":584,"date":"2015-08-02T09:04:48","date_gmt":"2015-08-02T13:04:48","guid":{"rendered":"http:\/\/christophertrapani.com\/wordpresssite\/?page_id=584"},"modified":"2025-09-28T11:12:30","modified_gmt":"2025-09-28T15:12:30","slug":"bio-francaise","status":"publish","type":"page","link":"http:\/\/christophertrapani.com\/wordpresssite\/bio-francaise\/","title":{"rendered":"BIO FRAN\u00c7AISE"},"content":{"rendered":"<div class=\"container\">\n<p style=\"padding-top: 30px; padding-left: 30px; padding-right: 30px;\"><span style=\"color: #ffffff;\"><img loading=\"lazy\" decoding=\"async\" class=\" wp-image-6 alignleft\" style=\"padding-top: 10px; padding-right: 10px;\" src=\"http:\/\/christophertrapani.com\/wordpresssite\/wp-content\/uploads\/2015\/07\/headshot-3-1024x768.jpg\" alt=\"headshot-3\" width=\"400\" height=\"398\" \/><\/span><span style=\"color: #ffffff;\">Le compositeur am\u00e9rico-italien Christopher Trapani m\u00e8ne une carri\u00e8re active aux Etats-Unis, au Royuame-Uni, ainsi qu\u2019en France et en Europe. Parmi ses commandes r\u00e9centes se trouvent des nouvelles oeuvres pour Klangforum Wien, Ensemble Modern, le BBC, JACK Quartet, et Radio France, et sa musique a \u00e9t\u00e9 jou\u00e9e \u00e0 Carnegie Hall (New York), Southbank Centre (Londres), IRCAM (Paris), et Wigmore Hall (Londres).<\/span><\/p>\n<p style=\"padding-left: 30px; padding-right: 30px;\"><span style=\"color: #ffffff;\">N\u00e9 en 1980 \u00e0 la Nouvelle-Orl\u00e9ans (Louisiane), il est dipl\u00f4m\u00e9 de Harvard University et du Royal College of Music de Londres, o\u00f9 il obtient\u00a0un Master sous la direction de Julian Anderson. En 2003 il s&#8217;installe \u00e0 Paris, o\u00f9 il passe quatre ans dans la classe de Philippe Leroux et dans le cadre d&#8217;une r\u00e9sidence \u00e0 la Cit\u00e9 Internationale des Arts. Apr\u00e8s un s\u00e9jour d&#8217;un an \u00e0 Istanbul, o\u00f9 il b\u00e9n\u00e9ficie d&#8217;une bourse Fulbright pour \u00e9tudier la microtonalit\u00e9 dans la musique classique ottomane, il retourne \u00e0 Paris en 2008 pour int\u00e9grer le cursus d&#8217;informatique musicale \u00e0 l&#8217;IRCAM, sous la direction de Yan Maresz. Depuis 2010 Christopher poursuit un doctorat \u00e0 Columbia University \u00e0 New York, o\u00f9 il travaille avec Tristan Murail, Georg Friedrich Haas, George Lewis, et Fred Lerdahl.\u00a0<\/span><\/p>\n<p style=\"padding-left: 30px; padding-right: 30px;\"><span style=\"color: #ffffff;\">Christopher a re\u00e7u de nombreux prix: le Gaudeamus Prize pour <i>Sparrow Episodes <\/i>(2007), Leo Kaplan Award de ASCAP pour <i>\u00dcsk\u00fcdar<\/i> (2009), ainsi que des prix des jeunes compositeurs de ASCAP et BMI. Il est laur\u00e9at d\u2019une r\u00e9sidence en recherche musicale \u00e0 l\u2019IRCAM (2012-13), ainsi que des r\u00e9sidences artistiques aux Recollets (Paris, 2013) au Schloss Solitude (Stuttgart, 2014-15), et \u00e0 la Fondation Camargo (Cassis, 2018).\u00a0Pendant l&#8217;ann\u00e9e 2016-2017 il s\u00e9journe \u00e0 la American Academy in Rome en tant que boursier du\u00a0Luciano Berio Rome Prize. En 2019 il re\u00e7oit un Guggenheim Fellowship, ainsi que des commandes da la Fondation Koussevitsky et Fromm Foundation.<\/span><\/p>\n<p style=\"padding-left: 30px; padding-right: 30px;\"><span style=\"color: #ffffff;\"><img loading=\"lazy\" decoding=\"async\" class=\" wp-image-218 alignright\" src=\"http:\/\/christophertrapani.com\/wordpresssite\/wp-content\/uploads\/2015\/07\/TRAPANI-color-headshot.jpg\" alt=\"TRAPANI-color-headshot\" width=\"388\" height=\"395\" srcset=\"http:\/\/christophertrapani.com\/wordpresssite\/wp-content\/uploads\/2015\/07\/TRAPANI-color-headshot.jpg 2886w, http:\/\/christophertrapani.com\/wordpresssite\/wp-content\/uploads\/2015\/07\/TRAPANI-color-headshot-295x300.jpg 295w, http:\/\/christophertrapani.com\/wordpresssite\/wp-content\/uploads\/2015\/07\/TRAPANI-color-headshot-1006x1024.jpg 1006w\" sizes=\"auto, (max-width: 388px) 100vw, 388px\" \/><\/span><\/p>\n<p style=\"padding-left: 30px; padding-right: 30px;\"><span style=\"color: #ffffff;\">Ses oeuvres ont figur\u00e9s dans des festivals tels que la Biennale de Venise, Festival Agora, Musica Nova Helsinki, Ultraschall Festival \u00e0 Berlin, Tectonics Festival \u00e0 Glasgow, Ruhtriennale, Huddersfield, et le Ravenna Festival. Elles sont interpr\u00e9t\u00e9es par des ensembles tels que ICTUS, Ensemble L&#8217;Itin\u00e9raire, Nieuw Ensemble, Talea Ensemble, Yarn\/Wire, et ensemble mosaik.<\/p>\n<p style=\"padding-left: 30px; padding-right: 30px;\"><span style=\"color: #ffffff;\">Son disque monographique <em>Waterlines<\/em> est paru en 2018 chez New Focus Recordings. Un deuxi\u00e8me enregistrement de <i>Waterlines<\/i> avec ICTUS est apparu en 2020, et un disque monographique <em>Horizontal Drift<\/em> en 2022. <\/span><\/p>\n<p style=\"padding-left: 30px; padding-right: 30px;\"><span style=\"color: #ffffff;\">Parmi ses projets actuels se trouvent une nouvelle pi\u00e8ce pour deux voix (Sophia Burgos et Sofia Jernberg), quatre guitares (Zwerm), et \u00e9lectronique, qui sera cr\u00e9\u00e9e en 2023 et enregistr\u00e9 pour New World Records.<\/span><\/p>\n<p style=\"padding-left: 30px; padding-right: 30px;\"><span style=\"color: #ffffff;\">Christopher vit entre la Nouvelle-Orl\u00e9ans, o\u00f9 il enseigne la musique num\u00e9rique \u00e0 LSU (Louisiana State University), et Palermo.<\/span><\/p>\n<\/div>\n<p><!-- container --><\/p>\n","protected":false},"excerpt":{"rendered":"<p>Le compositeur am\u00e9rico-italien Christopher Trapani m\u00e8ne une carri\u00e8re active aux Etats-Unis, au Royuame-Uni, ainsi qu\u2019en France et en Europe. Parmi ses commandes r\u00e9centes se trouvent des nouvelles oeuvres pour Klangforum<a class=\"more-link\" href=\"http:\/\/christophertrapani.com\/wordpresssite\/bio-francaise\/\">Continue reading <span class=\"screen-reader-text\">&#8220;BIO FRAN\u00c7AISE&#8221;<\/span><\/a><\/p>\n","protected":false},"author":1,"featured_media":0,"parent":0,"menu_order":0,"comment_status":"closed","ping_status":"open","template":"","meta":{"jetpack_post_was_ever_published":false,"footnotes":""},"class_list":["post-584","page","type-page","status-publish","hentry","entry"],"yoast_head":"<!-- This site is optimized with the Yoast SEO plugin v27.1.1 - https:\/\/yoast.com\/product\/yoast-seo-wordpress\/ -->\n<title>BIO FRAN\u00c7AISE - CHRISTOPHER TRAPANI<\/title>\n<meta name=\"robots\" content=\"index, follow, max-snippet:-1, max-image-preview:large, max-video-preview:-1\" \/>\n<link rel=\"canonical\" href=\"http:\/\/christophertrapani.com\/wordpresssite\/bio-francaise\/\" \/>\n<meta property=\"og:locale\" content=\"en_US\" \/>\n<meta property=\"og:type\" content=\"article\" \/>\n<meta property=\"og:title\" content=\"BIO FRAN\u00c7AISE - CHRISTOPHER TRAPANI\" \/>\n<meta property=\"og:description\" content=\"Le compositeur am\u00e9rico-italien Christopher Trapani m\u00e8ne une carri\u00e8re active aux Etats-Unis, au Royuame-Uni, ainsi qu\u2019en France et en Europe. Parmi ses commandes r\u00e9centes se trouvent des nouvelles oeuvres pour KlangforumContinue reading &quot;BIO FRAN\u00c7AISE&quot;\" \/>\n<meta property=\"og:url\" content=\"http:\/\/christophertrapani.com\/wordpresssite\/bio-francaise\/\" \/>\n<meta property=\"og:site_name\" content=\"CHRISTOPHER TRAPANI\" \/>\n<meta property=\"article:modified_time\" content=\"2025-09-28T15:12:30+00:00\" \/>\n<meta property=\"og:image\" content=\"http:\/\/christophertrapani.com\/wordpresssite\/wp-content\/uploads\/2015\/07\/headshot-3-1024x768.jpg\" \/>\n<meta name=\"twitter:card\" content=\"summary_large_image\" \/>\n<meta name=\"twitter:label1\" content=\"Est. reading time\" \/>\n\t<meta name=\"twitter:data1\" content=\"3 minutes\" \/>\n<script type=\"application\/ld+json\" class=\"yoast-schema-graph\">{\"@context\":\"https:\/\/schema.org\",\"@graph\":[{\"@type\":\"WebPage\",\"@id\":\"http:\/\/christophertrapani.com\/wordpresssite\/bio-francaise\/\",\"url\":\"http:\/\/christophertrapani.com\/wordpresssite\/bio-francaise\/\",\"name\":\"BIO FRAN\u00c7AISE - CHRISTOPHER TRAPANI\",\"isPartOf\":{\"@id\":\"https:\/\/christophertrapani.com\/wordpresssite\/#website\"},\"primaryImageOfPage\":{\"@id\":\"http:\/\/christophertrapani.com\/wordpresssite\/bio-francaise\/#primaryimage\"},\"image\":{\"@id\":\"http:\/\/christophertrapani.com\/wordpresssite\/bio-francaise\/#primaryimage\"},\"thumbnailUrl\":\"http:\/\/christophertrapani.com\/wordpresssite\/wp-content\/uploads\/2015\/07\/headshot-3-1024x768.jpg\",\"datePublished\":\"2015-08-02T13:04:48+00:00\",\"dateModified\":\"2025-09-28T15:12:30+00:00\",\"breadcrumb\":{\"@id\":\"http:\/\/christophertrapani.com\/wordpresssite\/bio-francaise\/#breadcrumb\"},\"inLanguage\":\"en-US\",\"potentialAction\":[{\"@type\":\"ReadAction\",\"target\":[\"http:\/\/christophertrapani.com\/wordpresssite\/bio-francaise\/\"]}]},{\"@type\":\"ImageObject\",\"inLanguage\":\"en-US\",\"@id\":\"http:\/\/christophertrapani.com\/wordpresssite\/bio-francaise\/#primaryimage\",\"url\":\"http:\/\/christophertrapani.com\/wordpresssite\/wp-content\/uploads\/2015\/07\/headshot-3-scaled.jpg\",\"contentUrl\":\"http:\/\/christophertrapani.com\/wordpresssite\/wp-content\/uploads\/2015\/07\/headshot-3-scaled.jpg\",\"width\":2560,\"height\":1920},{\"@type\":\"BreadcrumbList\",\"@id\":\"http:\/\/christophertrapani.com\/wordpresssite\/bio-francaise\/#breadcrumb\",\"itemListElement\":[{\"@type\":\"ListItem\",\"position\":1,\"name\":\"Home\",\"item\":\"https:\/\/christophertrapani.com\/wordpresssite\/\"},{\"@type\":\"ListItem\",\"position\":2,\"name\":\"BIO FRAN\u00c7AISE\"}]},{\"@type\":\"WebSite\",\"@id\":\"https:\/\/christophertrapani.com\/wordpresssite\/#website\",\"url\":\"https:\/\/christophertrapani.com\/wordpresssite\/\",\"name\":\"CHRISTOPHER TRAPANI\",\"description\":\"composer, guitarist, electronic musician\",\"potentialAction\":[{\"@type\":\"SearchAction\",\"target\":{\"@type\":\"EntryPoint\",\"urlTemplate\":\"https:\/\/christophertrapani.com\/wordpresssite\/?s={search_term_string}\"},\"query-input\":{\"@type\":\"PropertyValueSpecification\",\"valueRequired\":true,\"valueName\":\"search_term_string\"}}],\"inLanguage\":\"en-US\"}]}<\/script>\n<!-- \/ Yoast SEO plugin. -->","yoast_head_json":{"title":"BIO FRAN\u00c7AISE - CHRISTOPHER TRAPANI","robots":{"index":"index","follow":"follow","max-snippet":"max-snippet:-1","max-image-preview":"max-image-preview:large","max-video-preview":"max-video-preview:-1"},"canonical":"http:\/\/christophertrapani.com\/wordpresssite\/bio-francaise\/","og_locale":"en_US","og_type":"article","og_title":"BIO FRAN\u00c7AISE - CHRISTOPHER TRAPANI","og_description":"Le compositeur am\u00e9rico-italien Christopher Trapani m\u00e8ne une carri\u00e8re active aux Etats-Unis, au Royuame-Uni, ainsi qu\u2019en France et en Europe. Parmi ses commandes r\u00e9centes se trouvent des nouvelles oeuvres pour KlangforumContinue reading \"BIO FRAN\u00c7AISE\"","og_url":"http:\/\/christophertrapani.com\/wordpresssite\/bio-francaise\/","og_site_name":"CHRISTOPHER TRAPANI","article_modified_time":"2025-09-28T15:12:30+00:00","og_image":[{"url":"http:\/\/christophertrapani.com\/wordpresssite\/wp-content\/uploads\/2015\/07\/headshot-3-1024x768.jpg","type":"","width":"","height":""}],"twitter_card":"summary_large_image","twitter_misc":{"Est. reading time":"3 minutes"},"schema":{"@context":"https:\/\/schema.org","@graph":[{"@type":"WebPage","@id":"http:\/\/christophertrapani.com\/wordpresssite\/bio-francaise\/","url":"http:\/\/christophertrapani.com\/wordpresssite\/bio-francaise\/","name":"BIO FRAN\u00c7AISE - CHRISTOPHER TRAPANI","isPartOf":{"@id":"https:\/\/christophertrapani.com\/wordpresssite\/#website"},"primaryImageOfPage":{"@id":"http:\/\/christophertrapani.com\/wordpresssite\/bio-francaise\/#primaryimage"},"image":{"@id":"http:\/\/christophertrapani.com\/wordpresssite\/bio-francaise\/#primaryimage"},"thumbnailUrl":"http:\/\/christophertrapani.com\/wordpresssite\/wp-content\/uploads\/2015\/07\/headshot-3-1024x768.jpg","datePublished":"2015-08-02T13:04:48+00:00","dateModified":"2025-09-28T15:12:30+00:00","breadcrumb":{"@id":"http:\/\/christophertrapani.com\/wordpresssite\/bio-francaise\/#breadcrumb"},"inLanguage":"en-US","potentialAction":[{"@type":"ReadAction","target":["http:\/\/christophertrapani.com\/wordpresssite\/bio-francaise\/"]}]},{"@type":"ImageObject","inLanguage":"en-US","@id":"http:\/\/christophertrapani.com\/wordpresssite\/bio-francaise\/#primaryimage","url":"http:\/\/christophertrapani.com\/wordpresssite\/wp-content\/uploads\/2015\/07\/headshot-3-scaled.jpg","contentUrl":"http:\/\/christophertrapani.com\/wordpresssite\/wp-content\/uploads\/2015\/07\/headshot-3-scaled.jpg","width":2560,"height":1920},{"@type":"BreadcrumbList","@id":"http:\/\/christophertrapani.com\/wordpresssite\/bio-francaise\/#breadcrumb","itemListElement":[{"@type":"ListItem","position":1,"name":"Home","item":"https:\/\/christophertrapani.com\/wordpresssite\/"},{"@type":"ListItem","position":2,"name":"BIO FRAN\u00c7AISE"}]},{"@type":"WebSite","@id":"https:\/\/christophertrapani.com\/wordpresssite\/#website","url":"https:\/\/christophertrapani.com\/wordpresssite\/","name":"CHRISTOPHER TRAPANI","description":"composer, guitarist, electronic musician","potentialAction":[{"@type":"SearchAction","target":{"@type":"EntryPoint","urlTemplate":"https:\/\/christophertrapani.com\/wordpresssite\/?s={search_term_string}"},"query-input":{"@type":"PropertyValueSpecification","valueRequired":true,"valueName":"search_term_string"}}],"inLanguage":"en-US"}]}},"jetpack_sharing_enabled":true,"jetpack_shortlink":"https:\/\/wp.me\/P6uncd-9q","_links":{"self":[{"href":"http:\/\/christophertrapani.com\/wordpresssite\/wp-json\/wp\/v2\/pages\/584","targetHints":{"allow":["GET"]}}],"collection":[{"href":"http:\/\/christophertrapani.com\/wordpresssite\/wp-json\/wp\/v2\/pages"}],"about":[{"href":"http:\/\/christophertrapani.com\/wordpresssite\/wp-json\/wp\/v2\/types\/page"}],"author":[{"embeddable":true,"href":"http:\/\/christophertrapani.com\/wordpresssite\/wp-json\/wp\/v2\/users\/1"}],"replies":[{"embeddable":true,"href":"http:\/\/christophertrapani.com\/wordpresssite\/wp-json\/wp\/v2\/comments?post=584"}],"version-history":[{"count":24,"href":"http:\/\/christophertrapani.com\/wordpresssite\/wp-json\/wp\/v2\/pages\/584\/revisions"}],"predecessor-version":[{"id":3462,"href":"http:\/\/christophertrapani.com\/wordpresssite\/wp-json\/wp\/v2\/pages\/584\/revisions\/3462"}],"wp:attachment":[{"href":"http:\/\/christophertrapani.com\/wordpresssite\/wp-json\/wp\/v2\/media?parent=584"}],"curies":[{"name":"wp","href":"https:\/\/api.w.org\/{rel}","templated":true}]}}